base 9
16414071
-20233101110 (base 4) to base 11
-1325100
Convert 132311331 (base 4) to base 13.
4566c
What is -a2061b (base 12) in base 6?
-130124035
Convert 351222010 (base 6) to base 3.
110020102111020
-1133002000 (base 4) to base 16
-5f080
5414967 (base 10) to base 13
117792c
What is 266a01 (base 12) in base 16?
9ac21
What is 333285 (base 9) in base 10?
199256
What is 1aad1 (base 15) in base 4?
111030211
Convert -185536 (base 11) to base 6.
-10041354
What is 43c81 (base 16) in base 4?
1003302001
-1001111010101101011 (base 2) to base 14
-86603
Convert 923c40 (base 13) to base 11.
1a18064
What is 34343324 (base 5) in base 10?
309214
Convert 2542214 (base 6) to base 15.
2acca
Convert 112232223 (base 5) to base 12.
20629a
Convert 548065 (base 11) to base 3.
1122102122022
Convert -92947 (base 13) to base 14.
-6bbd5
What is -119a340 (base 13) in base 3?
-101022021222001
What is 1001110010010100110 (base 2) in base 15?
65038
-15216443 (base 7) to base 3
-2201200010222
Convert 333170 (base 8) to base 11.
77374
What is 20022211222122 (base 3) in base 9?
6284878
What is 980a7 (base 13) in base 7?
2223025
-d99274 (base 16) to base 10
-14258804
What is 100012212002 (base 3) in base 15?
38b45
Convert -32032012 (base 4) to base 9.
-87807
Convert -3003203133 (base 4) to base 13.
-220779
Convert -1104440 (base 7) to base 6.
-2525512
200202012202 (base 3) to base 4
1122012011
What is 1175587 (base 13) in base 15?
71ce4a
-1766653 (base 8) to base 15
-a3e4a
Convert 91203 (base 10) to base 14.
25347
Convert abb75c (base 13) to base 2.
1111011101011000110000
-10101010000111101010110 (base 2) to base 3
-101111012202110
What is 13332123211 (base 4) in base 15?
2b471a
What is 162336 (base 8) in base 16?
e4de
46425 (base 11) to base 5
4121221
What is -1c0712 (base 15) in base 8?
-5160623
Convert 122021100021120 (base 3) to base 15.
c14ab3
1212011232 (base 4) to base 15
83d73
-174222 (base 9) to base 16
-1a62a
Convert -213b7 (base 12) to base 16.
-aafb
What is 6d932 (base 16) in base 3?
211210122220
Convert 20222010101 (base 3) to base 7.
1110556
What is 310036 (base 10) in base 12?
12b504
Convert 501252 (base 7) to base 6.
1451133
bd572 (base 14) to base 5
104144303
What is -1227177 (base 9) in base 8?
-2430413
-1185356 (base 10) to base 16
-12164c
525c4 (base 13) to base 15
2dda4
1174630 (base 8) to base 2
1001111100110011000
12150604 (base 7) to base 9
2037344
Convert -8274c (base 14) to base 2.
-1001100101110010000
1802342 (base 9) to base 6
33315232
-2216225 (base 10) to base 11
-12840a0
c14c13 (base 13) to base 9
8410763
What is -1111000111101110001 (base 2) in base 3?
-221011122212
What is c7dea (base 15) in base 11?
3a359a
3305413 (base 10) to base 14
62084d
Convert -1001101111110011 (base 2) to base 10.
-39923
-1db4e5 (base 15) to base 9
-2657808
What is 101200021112 (base 3) in base 13?
7486a
129187 (base 13) to base 10
448468
What is -48243 (base 10) in base 2?
-1011110001110011
Convert 3857005 (base 11) to base 2.
11001100000001110110010
What is -1000132013 (base 4) in base 15?
-5339b
-c65d2 (base 15) to base 5
-130112242
Convert -720 (base 12) to base 2.
-10000001000
Convert -11225511 (base 9) to base 4.
-110302133122
Convert -26b534a (base 13) to base 2.
-101110100100001111111101
What is -338562 (base 9) in base 7?
-1504124
Convert 30333110 (base 4) to base 13.
1b2a8
566309 (base 10) to base 4
2022100211
-43510440 (base 6) to base 10
-1300056
11125420 (base 7) to base 2
11101011100001110110
Convert 2033200 (base 6) to base 11.
67629
What is -110555 (base 8) in base 10?
-37229
What is -1362431 (base 9) in base 14?
-157348
Convert -10100010111100000 (base 2) to base 7.
-465135
Convert -168932 (base 10) to base 14.
-457c8
Convert 120102222022212 (base 3) to base 16.
7d3bd9
Convert 21ac (base 16) to base 11.
6527
4205b (base 12) to base 9
141548
Convert -12121125 (base 7) to base 14.
-201c85
Convert -353410 (base 9) to base 16.
-33df8
2cb888 (base 13) to base 3
2002102221021
What is -414210 (base 13) in base 11?
-95017a
What is a7982 (base 15) in base 8?
2017066
What is -384b79 (base 13) in base 12?
-553076
What is -1121120121200 (base 3) in base 13?
-240561
1100010000011010 (base 2) to base 10
50202
-112101000 (base 4) to base 11
-6257a
What is a0984 (base 12) in base 11?
132929
-617718 (base 12) to base 13
-415c82
What is 210010101022 (base 3) in base 11?
264448
What is 3224310014 (base 5) in base 15?
90a58e
Convert 2b3257 (base 15) to base 7.
23506312
Convert 1a6324 (base 11) to base 14.
8315a
8533954 (base 10) to base 9
17046341
Convert 1245114 (base 9) to base 12.
2892aa
What is -b317aa (base 14) in base 12?
-203098a
-20606345 (base 8) to base 15
-5bbec8
What is -158b383 (base 13) in base 11?
-3a08589
Convert 246252 (base 7) to base 9.
68256
-1833e (base 16) to base 7
-562010
Convert 10100111100000111010 (base 2) to base 8.
2474072
-2caa41 (base 13) to base 7
-12266220
-15892 (base 16) to base 12
-4306a
-2301303322 (base 4) to base 8
-2616372
1980a21 (base 11) to base 14
62cd93
Convert -3327a33 (base 11) to base 9.
-11876712
Convert 122210213 (base 4) to base 11.
74855
-42313211 (base 6) to base 15
-196e07
14652a (base 11) to base 9
377067
Convert 2100541 (base 8) to base 6.
15540333
-71c2b (base 14) to base 2
-1000010111001111111
What is -100b59 (base 13) in base 9?
-627865
-1007112 (base 9) to base 7
-4363352
What is 101210112122120 (base 3) in base 13?
125bc2c
What is 3688635 (base 9) in base 13?
553958
Convert -dd82 (base 14) to base 11.
-2688a
-20011120102000 (base 3) to base 6
-154134430
Convert -50aa975 (base 11) to base 15.
-bd2316
50401 (base 11) to base 3
10202002021
What is -1513111 (base 6) in base 5?
-10300043
Convert -10f8b (base 16) to base 2.
-10000111110001011
What is 1002012011 (base 3) in base 6?
242304
What is -223202331 (base 4) in base 12?
-87279
What is 345b8a (base 13) in base 4?
10232333321
Convert -20504632 (base 7) to base 12.
-6b694a
What is 103402310 (base 5) in base 9?
755656
Convert -38c499 (base 13) to base 5.
-322311113
11120133 (base 7) to base 11
5a8470
3096 (base 13) to base 11
5054
What is 5936f (base 16) in base 9?
616235
What is a0243a (base 16) in base 9?
21665428
-3b1697 (base 13) to base 3
-2200201111021
What is -1004333 (base 5) in base 10?
-16218
Convert 344803 (base 10) to base 9.
574874
Convert 1398792 (base 12) to base 7.
45303344
685085 (base 9) to base 10
410504
Convert 2123223223 (base 4) to base 15.
c8e1a
Convert 18d348 (base 14) to base 15.
1262a1
Convert -201135 (base 9) to base 4.
-131002130
41714 (base 10) to base 7
232421
What is 29782b (base 16) in base 14?
50a603
13124024 (base 5) to base 9
217151
-66997 (base 11) to base 13
-35218
Convert 40073 (base 10) to base 9.
60865
Convert 111202000012 (base 3) to base 12.
110628
Convert -16c8771 (base 13) to base 11.
-4205955
-14622437 (base 10) to base 11
-8288065
Convert -22320040 (base 6) to base 8.
-2456330
2b870 (base 13) to base 2
10100001100101100
What is -113987a (base 12) in base 13?
-8c0455
100001110110011110011 (base 2) to base 10
1109235
What is 24104 (base 5) in base 12?
1043
-2b5c0 (base 16) to base 10
-177600
Convert 2531140 (base 7) to base 3.
121121111111
Convert 1152343 (base 6) to base 11.
42210
What is 1360041 (base 10) in base 2?
101001100000010101001
Convert -10000101011011100111110 (base 2) to base 16.
-42b73e
Convert 744e19 (base 16) to base 9.
15306576
1000333 (base 6) to base 4
23123001
92b29b (base 15) to base 16
6a67a2
-213362 (base 11) to base 2
-1010011010010101111
-43340 (base 10) to base 7
-240233
What is 20010221001201 (base 3) in base 10?
3265966
-38d44 (base 16) to base 7
-1656431
Convert 1001000001011100 (base 2) to base 16.
905c
Convert -28ba57 (base 15) to base 3.
-10200202000101
Convert -20ac09 (base 13) to base 10.
-766593
Convert -10021122221012 (base 3) to base 5.
-421321202
Convert -19a56 (base 12) to base 3.
-1220211210
What is 1154135 (base 8) in base 7?
2461516
8b053 (base 12) to base 15
39c09
What is -8120fa (base 16) in base 11?
-4860080
Convert 410b9 (base 12) to base 6.
1452353
What is 2553022 (base 6) in base 3?
21002010112
-22525 (base 11) to base 5
-2020301
Convert 8921383 (base 10) to base 11.
5043849
Convert 15611533 (base 7) to base 2.
101110010000001111011
1011101100010110 (base 2) to base 9